{"id":2730,"date":"2025-04-16T22:59:41","date_gmt":"2025-04-17T01:59:41","guid":{"rendered":"http:\/\/asamkt.com.br\/?page_id=2730"},"modified":"2025-05-26T22:41:24","modified_gmt":"2025-05-27T01:41:24","slug":"links-indispensaveis-de-ia-e-criacao","status":"publish","type":"page","link":"https:\/\/asamkt.com.br\/index.php\/links-indispensaveis-de-ia-e-criacao\/","title":{"rendered":""},"content":{"rendered":"<div id=\"pl-gb2730-69dbdcc10ce51\"  class=\"panel-layout wp-block-siteorigin-panels-layout-block\" ><div id=\"pg-gb2730-69dbdcc10ce51-0\"  class=\"panel-grid panel-has-style\" ><div class=\"siteorigin-panels-stretch panel-row-style panel-row-style-for-gb2730-69dbdcc10ce51-0\" data-stretch-type=\"full\" ><div id=\"pgc-gb2730-69dbdcc10ce51-0-0\"  class=\"panel-grid-cell\" ><div id=\"panel-gb2730-69dbdcc10ce51-0-0-0\" class=\"so-panel widget widget_text panel-first-child panel-last-child\" data-index=\"0\" >\t\t\t<div class=\"textwidget\"><h1><u>Intelig\u00eancia Artificial<\/u><\/h1>\n<p>Conhe\u00e7a um pouco mais de algumas dessas ferramentas.<\/p>\n<\/div>\n\t\t<\/div><\/div><\/div><\/div><div id=\"pg-gb2730-69dbdcc10ce51-1\"  class=\"panel-grid panel-has-style\" ><div class=\"siteorigin-panels-stretch panel-row-style panel-row-style-for-gb2730-69dbdcc10ce51-1\" data-stretch-type=\"full-stretched\" ><div id=\"pgc-gb2730-69dbdcc10ce51-1-0\"  class=\"panel-grid-cell\" ><div id=\"panel-gb2730-69dbdcc10ce51-1-0-0\" class=\"widget_text so-panel widget widget_custom_html panel-first-child panel-last-child\" data-index=\"1\" ><div class=\"textwidget custom-html-widget\"><style type='text\/css' media='all'>#rt-tpg-container-3910468761 .rt-holder .rt-woo-info .price{color:#0367bf;}body .rt-tpg-container .rt-tpg-isotope-buttons .selected,\n\t\t\t\t\t#rt-tpg-container-3910468761 .layout12 .rt-holder:hover .rt-detail,\n\t\t\t\t\t#rt-tpg-container-3910468761 .isotope8 .rt-holder:hover .rt-detail,\n\t\t\t\t\t#rt-tpg-container-3910468761 .carousel8 .rt-holder:hover .rt-detail,\n\t\t\t\t\t#rt-tpg-container-3910468761 .layout13 .rt-holder .overlay .post-info,\n\t\t\t\t\t#rt-tpg-container-3910468761 .isotope9 .rt-holder .overlay .post-info,\n\t\t\t\t\t#rt-tpg-container-3910468761.rt-tpg-container .layout4 .rt-holder .rt-detail,\n\t\t\t\t\t.rt-modal-3910468761 .md-content,\n\t\t\t\t\t.rt-modal-3910468761 .md-content > .rt-md-content-holder .rt-md-content,\n\t\t\t\t\t.rt-popup-wrap-3910468761.rt-popup-wrap .rt-popup-navigation-wrap,\n\t\t\t\t\t#rt-tpg-container-3910468761 .carousel9 .rt-holder .overlay .post-info{background-color:#0367bf;}#rt-tpg-container-3910468761 .layout5 .rt-holder .overlay, #rt-tpg-container-3910468761 .isotope2 .rt-holder .overlay, #rt-tpg-container-3910468761 .carousel2 .rt-holder .overlay,#rt-tpg-container-3910468761 .layout15 .rt-holder h3, #rt-tpg-container-3910468761 .isotope11 .rt-holder h3, #rt-tpg-container-3910468761 .carousel11 .rt-holder h3, #rt-tpg-container-3910468761 .layout16 .rt-holder h3,\n\t\t\t\t\t#rt-tpg-container-3910468761 .isotope12 .rt-holder h3, #rt-tpg-container-3910468761 .carousel12 .rt-holder h3 {background-color:rgba(3,103,191,0.8);}#rt-tpg-container-3910468761 .read-more a{border-radius:px;}#rt-tpg-container-3910468761.rt-tpg-container {margin:-20px -20px 0px -20px;}#rt-tpg-container-3910468761.rt-tpg-container {padding:0px 20px 20px 20px;}#rt-tpg-container-3910468761 .rt-img-holder img.rt-img-responsive,#rt-tpg-container-3910468761 .rt-img-holder,\n\t\t\t\t\t#rt-tpg-container-3910468761 .rt-post-overlay .post-img,\n\t\t\t\t\t#rt-tpg-container-3910468761 .post-sm .post-img,\n\t\t\t\t\t#rt-tpg-container-3910468761 .rt-post-grid .post-img,\n\t\t\t\t\t#rt-tpg-container-3910468761 .post-img img {border-radius:px;}<\/style><div class='rt-container-fluid rt-tpg-container tpg-shortcode-main-wrapper ' id='rt-tpg-container-3910468761'   data-layout='layout6' data-grid-style='even' data-desktop-col='3'  data-tab-col='2'  data-mobile-col='1' data-sc-id='3461'><div data-title='Loading ...' class='rt-row rt-content-loader   layout6 tpg-even '><div class=\"rt-col-md-4 rt-col-sm-6 rt-col-xs-12 even-grid-item rt-grid-item img_no_effect\" data-id=\"3373\"><div class=\"rt-holder\"><div class=\"overlay\"><h3 class=\"entry-title\"><a data-id=\"3373\" class=\"\" href=\"https:\/\/asamkt.com.br\/index.php\/2024\/01\/15\/desvendando-os-misterios-do-chat-gpt-a-revolucao-da-inteligencia-artificial\/\">desvendando os Mist\u00e9rios do Chat GPT: A Revolu\u00e7\u00e3o da Intelig\u00eancia Artificial<\/a><\/h3><div class='line'><\/div><\/div><a data-id='3373' class='' href='https:\/\/asamkt.com.br\/index.php\/2024\/01\/15\/desvendando-os-misterios-do-chat-gpt-a-revolucao-da-inteligencia-artificial\/'><img decoding=\"async\" loading=\"lazy\" width=\"640\" height=\"427\" src=\"https:\/\/asamkt.com.br\/wp-content\/uploads\/2024\/01\/pexels-andrew-neel-15863066.jpg\" class=\"rt-img-responsive \" alt=\"\" \/><\/a><\/div><\/div><div class=\"rt-col-md-4 rt-col-sm-6 rt-col-xs-12 even-grid-item rt-grid-item img_no_effect\" data-id=\"2998\"><div class=\"rt-holder\"><div class=\"overlay\"><h3 class=\"entry-title\"><a data-id=\"2998\" class=\"\" href=\"https:\/\/asamkt.com.br\/index.php\/2023\/11\/19\/o-poder-dos-videos-transforme-sua-presenca-nas-redes-sociais-com-profissionais-de-conteudo-visual\/\">O Poder dos V\u00eddeos: Transforme Sua Presen\u00e7a nas Redes Sociais com Profissionais de Conte\u00fado Visual<\/a><\/h3><div class='line'><\/div><\/div><a data-id='2998' class='' href='https:\/\/asamkt.com.br\/index.php\/2023\/11\/19\/o-poder-dos-videos-transforme-sua-presenca-nas-redes-sociais-com-profissionais-de-conteudo-visual\/'><img decoding=\"async\" loading=\"lazy\" width=\"640\" height=\"427\" src=\"https:\/\/asamkt.com.br\/wp-content\/uploads\/2023\/11\/asamarketing_edicaodevideo.jpg\" class=\"rt-img-responsive \" alt=\"\" \/><\/a><\/div><\/div><div class=\"rt-col-md-4 rt-col-sm-6 rt-col-xs-12 even-grid-item rt-grid-item img_no_effect\" data-id=\"2868\"><div class=\"rt-holder\"><div class=\"overlay\"><h3 class=\"entry-title\"><a data-id=\"2868\" class=\"\" href=\"https:\/\/asamkt.com.br\/index.php\/2023\/04\/21\/marcas-fortes-como-o-sistema-de-identidade-visual-pode-fazer-a-diferenca\/\">Marcas fortes: como o sistema de identidade visual pode fazer a diferen\u00e7a<\/a><\/h3><div class='line'><\/div><\/div><a data-id='2868' class='' href='https:\/\/asamkt.com.br\/index.php\/2023\/04\/21\/marcas-fortes-como-o-sistema-de-identidade-visual-pode-fazer-a-diferenca\/'><img decoding=\"async\" loading=\"lazy\" width=\"640\" height=\"441\" src=\"https:\/\/asamkt.com.br\/wp-content\/uploads\/2023\/04\/Marcas-fortes.jpg\" class=\"rt-img-responsive \" alt=\"\" \/><\/a><\/div><\/div><div class=\"rt-col-md-4 rt-col-sm-6 rt-col-xs-12 even-grid-item rt-grid-item img_no_effect\" data-id=\"2866\"><div class=\"rt-holder\"><div class=\"overlay\"><h3 class=\"entry-title\"><a data-id=\"2866\" class=\"\" href=\"https:\/\/asamkt.com.br\/index.php\/2023\/04\/21\/presenca-online-por-que-seu-negocio-nao-pode-ficar-sem-um-site\/\">Presen\u00e7a online: por que seu neg\u00f3cio n\u00e3o pode ficar sem um site<\/a><\/h3><div class='line'><\/div><\/div><a data-id='2866' class='' href='https:\/\/asamkt.com.br\/index.php\/2023\/04\/21\/presenca-online-por-que-seu-negocio-nao-pode-ficar-sem-um-site\/'><img decoding=\"async\" loading=\"lazy\" width=\"640\" height=\"425\" src=\"https:\/\/asamkt.com.br\/wp-content\/uploads\/2023\/04\/office-625893_640.jpg\" class=\"rt-img-responsive \" alt=\"\" \/><\/a><\/div><\/div><div class=\"rt-col-md-4 rt-col-sm-6 rt-col-xs-12 even-grid-item rt-grid-item img_no_effect\" data-id=\"2861\"><div class=\"rt-holder\"><div class=\"overlay\"><h3 class=\"entry-title\"><a data-id=\"2861\" class=\"\" href=\"https:\/\/asamkt.com.br\/index.php\/2023\/04\/21\/as-redes-sociais-podem-fazer-a-diferenca-para-o-sucesso-do-seu-pequeno-negocio\/\">As redes sociais podem fazer a diferen\u00e7a para o sucesso do seu pequeno neg\u00f3cio<\/a><\/h3><div class='line'><\/div><\/div><a data-id='2861' class='' href='https:\/\/asamkt.com.br\/index.php\/2023\/04\/21\/as-redes-sociais-podem-fazer-a-diferenca-para-o-sucesso-do-seu-pequeno-negocio\/'><img decoding=\"async\" loading=\"lazy\" width=\"640\" height=\"427\" src=\"https:\/\/asamkt.com.br\/wp-content\/uploads\/2023\/04\/As-redes-sociais-podem.jpg\" class=\"rt-img-responsive \" alt=\"\" \/><\/a><\/div><\/div><div class=\"rt-col-md-4 rt-col-sm-6 rt-col-xs-12 even-grid-item rt-grid-item img_no_effect\" data-id=\"1722\"><div class=\"rt-holder\"><div class=\"overlay\"><h3 class=\"entry-title\"><a data-id=\"1722\" class=\"\" href=\"https:\/\/asamkt.com.br\/index.php\/2022\/04\/26\/i3-inovacoes\/\">I3 Inova\u00e7\u00f5es<\/a><\/h3><div class='line'><\/div><\/div><a data-id='1722' class='' href='https:\/\/asamkt.com.br\/index.php\/2022\/04\/26\/i3-inovacoes\/'><img decoding=\"async\" loading=\"lazy\" width=\"1800\" height=\"1200\" src=\"https:\/\/asamkt.com.br\/wp-content\/uploads\/2022\/04\/i3logo-e1651087831489.jpg\" class=\"rt-img-responsive \" alt=\"\" \/><\/a><\/div><\/div><\/div><\/div><\/div><\/div><\/div><\/div><\/div><div id=\"pg-gb2730-69dbdcc10ce51-2\"  class=\"panel-grid panel-has-style\" ><div class=\"siteorigin-panels-stretch panel-row-style panel-row-style-for-gb2730-69dbdcc10ce51-2\" data-stretch-type=\"full\" ><div id=\"pgc-gb2730-69dbdcc10ce51-2-0\"  class=\"panel-grid-cell\" ><div id=\"panel-gb2730-69dbdcc10ce51-2-0-0\" class=\"so-panel widget widget_text panel-first-child panel-last-child\" data-index=\"2\" >\t\t\t<div class=\"textwidget\"><h2><u>Confira listagem com \u00f3timas IAs<\/u><\/h2>\n<p>\u2605 Salve para usar sempre que precisar <br \/>\nAs IAs de maior destaque na cria\u00e7\u00e3o de imagens e v\u00eddeos.<\/p>\n<\/div>\n\t\t<\/div><\/div><\/div><\/div><div id=\"pg-gb2730-69dbdcc10ce51-3\"  class=\"panel-grid panel-no-style\" ><div id=\"pgc-gb2730-69dbdcc10ce51-3-0\"  class=\"panel-grid-cell\" ><div id=\"panel-gb2730-69dbdcc10ce51-3-0-0\" class=\"widget_text so-panel widget widget_custom_html panel-first-child panel-last-child\" data-index=\"3\" ><div class=\"textwidget custom-html-widget\"><div style=\"clear:both;\"><\/div><div id=\"gallery-wplf\" class=\"galleryid-wplf gallery-columns-4 wplf-display\"><figure id=\"gallery-item-0\" class=\"gallery-item wplf-item\">\r\n\t\t\t\t<div class=\"gallery-icon landscape\">\r\n\t\t\t\t<a class=\"wplf_link\" href=\"https:\/\/otio.ai\" target=\"_blank\" rel=\"noopener\">\r\n\t\t\t\t<img width=\"36\" height=\"36\" src=\"https:\/\/asamkt.com.br\/wp-content\/uploads\/2025\/05\/baixados-1-36x36.jpeg\" class=\"attachment-menu-36x36 size-menu-36x36\" alt=\"\" decoding=\"async\" loading=\"lazy\" style=\"\" \/>\r\n\t\t\t\t<p class=\"wplf_display\" style=\"font-weight: bold; text-align: center\" >otio.ai<\/p>\r\n\t\t\t\t<p class=\"wplf_desc\" style=\"text-align: center\">Resuma seus documentos e d\u00ea vida a ele de forma que ele te ensine de forma ativa.<\/p><\/a>\r\n\t\t\t\t<\/div>\r\n\t\t\t\t<\/figure><figure id=\"gallery-item-1\" class=\"gallery-item wplf-item\">\r\n\t\t\t\t<div class=\"gallery-icon landscape\">\r\n\t\t\t\t<a class=\"wplf_link\" href=\"https:\/\/openart.ai\" target=\"_blank\" rel=\"noopener\">\r\n\t\t\t\t<img width=\"36\" height=\"36\" src=\"https:\/\/asamkt.com.br\/wp-content\/uploads\/2025\/05\/open-art-36x36.png\" class=\"attachment-menu-36x36 size-menu-36x36\" alt=\"\" decoding=\"async\" loading=\"lazy\" style=\"\" \/>\r\n\t\t\t\t<p class=\"wplf_display\" style=\"font-weight: bold; text-align: center\" >openart.ai<\/p>\r\n\t\t\t\t<p class=\"wplf_desc\" style=\"text-align: center\">OpenArt AI: antes conhecida como DALL-E, ela continua revolucionando a cria\u00e7\u00e3o de imagens com intelig\u00eancia artificial.<\/p><\/a>\r\n\t\t\t\t<\/div>\r\n\t\t\t\t<\/figure><figure id=\"gallery-item-2\" class=\"gallery-item wplf-item\">\r\n\t\t\t\t<div class=\"gallery-icon landscape\">\r\n\t\t\t\t<a class=\"wplf_link\" href=\"https:\/\/chat.openai.com\/\" target=\"_blank\" rel=\"noopener\">\r\n\t\t\t\t<img width=\"36\" height=\"36\" src=\"https:\/\/asamkt.com.br\/wp-content\/uploads\/2025\/04\/images-4-36x36.png\" class=\"attachment-menu-36x36 size-menu-36x36\" alt=\"\" decoding=\"async\" loading=\"lazy\" style=\"\" \/>\r\n\t\t\t\t<p class=\"wplf_display\" style=\"font-weight: bold; text-align: center\" >chat.openai.com<\/p>\r\n\t\t\t\t<p class=\"wplf_desc\" style=\"text-align: center\">Maior Intelig\u00eancia Artificial do momento.<\/p><\/a>\r\n\t\t\t\t<\/div>\r\n\t\t\t\t<\/figure><figure id=\"gallery-item-3\" class=\"gallery-item wplf-item\">\r\n\t\t\t\t<div class=\"gallery-icon landscape\">\r\n\t\t\t\t<a class=\"wplf_link\" href=\"https:\/\/klingai.com\" target=\"_blank\" rel=\"noopener\">\r\n\t\t\t\t<img width=\"36\" height=\"36\" src=\"https:\/\/asamkt.com.br\/wp-content\/uploads\/2025\/04\/Klingai-36x36.jpg\" class=\"attachment-menu-36x36 size-menu-36x36\" alt=\"\" decoding=\"async\" loading=\"lazy\" style=\"\" \/>\r\n\t\t\t\t<p class=\"wplf_display\" style=\"font-weight: bold; text-align: center\" >klingai.com<\/p>\r\n\t\t\t\t<p class=\"wplf_desc\" style=\"text-align: center\">Gerar v\u00eddeos cinematogr\u00e1ficos de alta qualidade, criar imagens detalhadas e at\u00e9 simular movimentos realistas.<\/p><\/a>\r\n\t\t\t\t<\/div>\r\n\t\t\t\t<\/figure><figure id=\"gallery-item-4\" class=\"gallery-item wplf-item\">\r\n\t\t\t\t<div class=\"gallery-icon landscape\">\r\n\t\t\t\t<a class=\"wplf_link\" href=\"https:\/\/cassetteai.com\" target=\"_blank\" rel=\"noopener\">\r\n\t\t\t\t<img width=\"36\" height=\"36\" src=\"https:\/\/asamkt.com.br\/wp-content\/uploads\/2025\/05\/cassete-36x36.jpg\" class=\"attachment-menu-36x36 size-menu-36x36\" alt=\"\" decoding=\"async\" loading=\"lazy\" style=\"\" \/>\r\n\t\t\t\t<p class=\"wplf_display\" style=\"font-weight: bold; text-align: center\" >cassetteai.com<\/p>\r\n\t\t\t\t<p class=\"wplf_desc\" style=\"text-align: center\">CassetteAI \u00e9 uma plataforma de IA para criar m\u00fasicas \u00fanicas a partir de texto.\r\n<\/p><\/a>\r\n\t\t\t\t<\/div>\r\n\t\t\t\t<\/figure><figure id=\"gallery-item-5\" class=\"gallery-item wplf-item\">\r\n\t\t\t\t<div class=\"gallery-icon landscape\">\r\n\t\t\t\t<a class=\"wplf_link\" href=\"https:\/\/vidnoz.com\" target=\"_blank\" rel=\"noopener\">\r\n\t\t\t\t<img width=\"36\" height=\"36\" src=\"https:\/\/asamkt.com.br\/wp-content\/uploads\/2025\/05\/vidnoz-36x36.jpeg\" class=\"attachment-menu-36x36 size-menu-36x36\" alt=\"\" decoding=\"async\" loading=\"lazy\" style=\"\" \/>\r\n\t\t\t\t<p class=\"wplf_display\" style=\"font-weight: bold; text-align: center\" >vidnoz.com<\/p>\r\n\t\t\t\t<p class=\"wplf_desc\" style=\"text-align: center\">Vidnoz.ai: impulsione sua criatividade com v\u00eddeos gerados por IA em segundos!<\/p><\/a>\r\n\t\t\t\t<\/div>\r\n\t\t\t\t<\/figure><figure id=\"gallery-item-6\" class=\"gallery-item wplf-item\">\r\n\t\t\t\t<div class=\"gallery-icon landscape\">\r\n\t\t\t\t<a class=\"wplf_link\" href=\"https:\/\/seaart.ai\" target=\"_blank\" rel=\"noopener\">\r\n\t\t\t\t<img width=\"36\" height=\"34\" src=\"https:\/\/asamkt.com.br\/wp-content\/uploads\/2025\/05\/seart-ia-36x34.png\" class=\"attachment-menu-36x36 size-menu-36x36\" alt=\"\" decoding=\"async\" loading=\"lazy\" style=\"\" \/>\r\n\t\t\t\t<p class=\"wplf_display\" style=\"font-weight: bold; text-align: center\" >seaart.ai<\/p>\r\n\t\t\t\t<p class=\"wplf_desc\" style=\"text-align: center\">SeaArt AI: destaque-se com mais de 12.000 modelos para criar arte digital \u00fanica!\r\n<\/p><\/a>\r\n\t\t\t\t<\/div>\r\n\t\t\t\t<\/figure><figure id=\"gallery-item-7\" class=\"gallery-item wplf-item\">\r\n\t\t\t\t<div class=\"gallery-icon landscape\">\r\n\t\t\t\t<a class=\"wplf_link\" href=\"https:\/\/vivago.ai\" target=\"_blank\" rel=\"noopener\">\r\n\t\t\t\t<img width=\"36\" height=\"36\" src=\"https:\/\/asamkt.com.br\/wp-content\/uploads\/2025\/05\/vivago-36x36.png\" class=\"attachment-menu-36x36 size-menu-36x36\" alt=\"\" decoding=\"async\" loading=\"lazy\" style=\"\" \/>\r\n\t\t\t\t<p class=\"wplf_display\" style=\"font-weight: bold; text-align: center\" >vivago.ai<\/p>\r\n\t\t\t\t<p class=\"wplf_desc\" style=\"text-align: center\">Vivago.ai usa IA para criar v\u00eddeos e imagens de alta qualidade, ideal para marketing digital!<\/p><\/a>\r\n\t\t\t\t<\/div>\r\n\t\t\t\t<\/figure><figure id=\"gallery-item-8\" class=\"gallery-item wplf-item\">\r\n\t\t\t\t<div class=\"gallery-icon landscape\">\r\n\t\t\t\t<a class=\"wplf_link\" href=\"https:\/\/leonardo.ai\" target=\"_blank\" rel=\"noopener\">\r\n\t\t\t\t<img width=\"36\" height=\"36\" src=\"https:\/\/asamkt.com.br\/wp-content\/uploads\/2025\/04\/baixados-36x36.jpeg\" class=\"attachment-menu-36x36 size-menu-36x36\" alt=\"\" decoding=\"async\" loading=\"lazy\" style=\"\" \/>\r\n\t\t\t\t<p class=\"wplf_display\" style=\"font-weight: bold; text-align: center\" >leonardo.ai<\/p>\r\n\t\t\t\t<p class=\"wplf_desc\" style=\"text-align: center\">IA Incr\u00edvel para cria\u00e7\u00e3o de imagens.<\/p><\/a>\r\n\t\t\t\t<\/div>\r\n\t\t\t\t<\/figure><\/div><div style=\"clear:both;\"><\/div><\/div><\/div><\/div><\/div><\/div>\n\n\n<p><\/p>\n\n\n\n<p><\/p>\n","protected":false},"excerpt":{"rendered":"","protected":false},"author":1,"featured_media":0,"parent":0,"menu_order":0,"comment_status":"closed","ping_status":"closed","template":"","meta":{"_monsterinsights_skip_tracking":false,"_monsterinsights_sitenote_active":false,"_monsterinsights_sitenote_note":"","_monsterinsights_sitenote_category":0},"yoast_head":"<!-- This site is optimized with the Yoast SEO plugin v21.3 - https:\/\/yoast.com\/wordpress\/plugins\/seo\/ -->\n<title>- Asa Marketing<\/title>\n<meta name=\"robots\" content=\"index, follow, max-snippet:-1, max-image-preview:large, max-video-preview:-1\" \/>\n<link rel=\"canonical\" href=\"https:\/\/asamkt.com.br\/index.php\/links-indispensaveis-de-ia-e-criacao\/\" \/>\n<meta property=\"og:locale\" content=\"en_US\" \/>\n<meta property=\"og:type\" content=\"article\" \/>\n<meta property=\"og:title\" content=\"- Asa Marketing\" \/>\n<meta property=\"og:url\" content=\"https:\/\/asamkt.com.br\/index.php\/links-indispensaveis-de-ia-e-criacao\/\" \/>\n<meta property=\"og:site_name\" content=\"Asa Marketing\" \/>\n<meta property=\"article:modified_time\" content=\"2025-05-27T01:41:24+00:00\" \/>\n<meta property=\"og:image\" content=\"http:\/\/asamkt.com.br\/wp-content\/uploads\/2024\/01\/pexels-andrew-neel-15863066.jpg\" \/>\n<meta name=\"twitter:card\" content=\"summary_large_image\" \/>\n<meta name=\"twitter:label1\" content=\"Est. reading time\" \/>\n\t<meta name=\"twitter:data1\" content=\"4 minutes\" \/>\n<script type=\"application\/ld+json\" class=\"yoast-schema-graph\">{\"@context\":\"https:\/\/schema.org\",\"@graph\":[{\"@type\":\"WebPage\",\"@id\":\"https:\/\/asamkt.com.br\/index.php\/links-indispensaveis-de-ia-e-criacao\/\",\"url\":\"https:\/\/asamkt.com.br\/index.php\/links-indispensaveis-de-ia-e-criacao\/\",\"name\":\"- Asa Marketing\",\"isPartOf\":{\"@id\":\"https:\/\/asamkt.com.br\/#website\"},\"datePublished\":\"2025-04-17T01:59:41+00:00\",\"dateModified\":\"2025-05-27T01:41:24+00:00\",\"inLanguage\":\"en-US\",\"potentialAction\":[{\"@type\":\"ReadAction\",\"target\":[\"https:\/\/asamkt.com.br\/index.php\/links-indispensaveis-de-ia-e-criacao\/\"]}]},{\"@type\":\"WebSite\",\"@id\":\"https:\/\/asamkt.com.br\/#website\",\"url\":\"https:\/\/asamkt.com.br\/\",\"name\":\"Asa Marketing\",\"description\":\"ASA MKT\",\"publisher\":{\"@id\":\"https:\/\/asamkt.com.br\/#organization\"},\"potentialAction\":[{\"@type\":\"SearchAction\",\"target\":{\"@type\":\"EntryPoint\",\"urlTemplate\":\"https:\/\/asamkt.com.br\/?s={search_term_string}\"},\"query-input\":\"required name=search_term_string\"}],\"inLanguage\":\"en-US\"},{\"@type\":\"Organization\",\"@id\":\"https:\/\/asamkt.com.br\/#organization\",\"name\":\"Asa Marketing\",\"url\":\"https:\/\/asamkt.com.br\/\",\"logo\":{\"@type\":\"ImageObject\",\"inLanguage\":\"en-US\",\"@id\":\"https:\/\/asamkt.com.br\/#\/schema\/logo\/image\/\",\"url\":\"https:\/\/asamkt.com.br\/wp-content\/uploads\/2023\/04\/asalogoneww.png\",\"contentUrl\":\"https:\/\/asamkt.com.br\/wp-content\/uploads\/2023\/04\/asalogoneww.png\",\"width\":667,\"height\":291,\"caption\":\"Asa Marketing\"},\"image\":{\"@id\":\"https:\/\/asamkt.com.br\/#\/schema\/logo\/image\/\"}}]}<\/script>\n<!-- \/ Yoast SEO plugin. -->","yoast_head_json":{"title":"- Asa Marketing","robots":{"index":"index","follow":"follow","max-snippet":"max-snippet:-1","max-image-preview":"max-image-preview:large","max-video-preview":"max-video-preview:-1"},"canonical":"https:\/\/asamkt.com.br\/index.php\/links-indispensaveis-de-ia-e-criacao\/","og_locale":"en_US","og_type":"article","og_title":"- Asa Marketing","og_url":"https:\/\/asamkt.com.br\/index.php\/links-indispensaveis-de-ia-e-criacao\/","og_site_name":"Asa Marketing","article_modified_time":"2025-05-27T01:41:24+00:00","og_image":[{"url":"http:\/\/asamkt.com.br\/wp-content\/uploads\/2024\/01\/pexels-andrew-neel-15863066.jpg"}],"twitter_card":"summary_large_image","twitter_misc":{"Est. reading time":"4 minutes"},"schema":{"@context":"https:\/\/schema.org","@graph":[{"@type":"WebPage","@id":"https:\/\/asamkt.com.br\/index.php\/links-indispensaveis-de-ia-e-criacao\/","url":"https:\/\/asamkt.com.br\/index.php\/links-indispensaveis-de-ia-e-criacao\/","name":"- Asa Marketing","isPartOf":{"@id":"https:\/\/asamkt.com.br\/#website"},"datePublished":"2025-04-17T01:59:41+00:00","dateModified":"2025-05-27T01:41:24+00:00","inLanguage":"en-US","potentialAction":[{"@type":"ReadAction","target":["https:\/\/asamkt.com.br\/index.php\/links-indispensaveis-de-ia-e-criacao\/"]}]},{"@type":"WebSite","@id":"https:\/\/asamkt.com.br\/#website","url":"https:\/\/asamkt.com.br\/","name":"Asa Marketing","description":"ASA MKT","publisher":{"@id":"https:\/\/asamkt.com.br\/#organization"},"potentialAction":[{"@type":"SearchAction","target":{"@type":"EntryPoint","urlTemplate":"https:\/\/asamkt.com.br\/?s={search_term_string}"},"query-input":"required name=search_term_string"}],"inLanguage":"en-US"},{"@type":"Organization","@id":"https:\/\/asamkt.com.br\/#organization","name":"Asa Marketing","url":"https:\/\/asamkt.com.br\/","logo":{"@type":"ImageObject","inLanguage":"en-US","@id":"https:\/\/asamkt.com.br\/#\/schema\/logo\/image\/","url":"https:\/\/asamkt.com.br\/wp-content\/uploads\/2023\/04\/asalogoneww.png","contentUrl":"https:\/\/asamkt.com.br\/wp-content\/uploads\/2023\/04\/asalogoneww.png","width":667,"height":291,"caption":"Asa Marketing"},"image":{"@id":"https:\/\/asamkt.com.br\/#\/schema\/logo\/image\/"}}]}},"rttpg_featured_image_url":null,"rttpg_author":{"display_name":"nosredna","author_link":"https:\/\/asamkt.com.br\/index.php\/author\/nosredna\/"},"rttpg_comment":0,"rttpg_category":null,"rttpg_excerpt":null,"_links":{"self":[{"href":"https:\/\/asamkt.com.br\/index.php\/wp-json\/wp\/v2\/pages\/2730"}],"collection":[{"href":"https:\/\/asamkt.com.br\/index.php\/wp-json\/wp\/v2\/pages"}],"about":[{"href":"https:\/\/asamkt.com.br\/index.php\/wp-json\/wp\/v2\/types\/page"}],"author":[{"embeddable":true,"href":"https:\/\/asamkt.com.br\/index.php\/wp-json\/wp\/v2\/users\/1"}],"replies":[{"embeddable":true,"href":"https:\/\/asamkt.com.br\/index.php\/wp-json\/wp\/v2\/comments?post=2730"}],"version-history":[{"count":85,"href":"https:\/\/asamkt.com.br\/index.php\/wp-json\/wp\/v2\/pages\/2730\/revisions"}],"predecessor-version":[{"id":3650,"href":"https:\/\/asamkt.com.br\/index.php\/wp-json\/wp\/v2\/pages\/2730\/revisions\/3650"}],"wp:attachment":[{"href":"https:\/\/asamkt.com.br\/index.php\/wp-json\/wp\/v2\/media?parent=2730"}],"curies":[{"name":"wp","href":"https:\/\/api.w.org\/{rel}","templated":true}]}}